 of m.
107
Let r = 77 - 37. What are the prime factors of r?
2, 5
Let j(f) = f**2 + 6*f + 8. What are the prime factors of j(-11)?
3, 7
Suppose 5*d + 0*d = 155. Let h = -22 + d. List the prime factors of h.
3
Let w = -80 + 113. List the prime factors of w.
3, 11
Let u = 12 - -28. Suppose 5*r - 9*r + u = 0. What are the prime factors of r?
2, 5
Let z(q) = -q**2 - 4*q - 1. Let o be z(-5). Let b = 12 + o. List the prime factors of -3*((-22)/b - -1).
2
Let d(z) = -z**2 - 12*z - 5. List the prime factors of d(-10).
3, 5
Let k = -6 + 2. Let n = k - -10. What are the prime factors of n?
2, 3
Suppose y + 2*i - 6 = 0, 3*i + 2 - 1 = -4*y. List the prime factors of (23 - 0) + y + 1.
2, 5
Let i(u) = u**3 + 7*u**2 + 4*u - 12. Let r be i(-6). Suppose r = -3*j - 7 + 34. What are the prime factors of j?
3
Let q(c) = -c + 12. List the prime factors of q(0).
2, 3
Let g(i) = 7*i**2 - 3*i - 7. List the prime factors of g(4).
3, 31
Let n be (-3 - -1) + (4 - 0). List the prime factors of n/4 + (-63)/(-6).
11
Let p(n) = 2*n**2 + 3. List the prime factors of p(-2).
11
Suppose k = 12 + 2. Let o be (-2)/(-6) - k/(-3). Suppose -2*n - 2*n - 12 = 0, 47 = 2*j - o*n. List the prime factors of j.
2
Let f(k) = 4*k**3 + 10*k**2 + 7*k + 6. Let h(y) = 11*y**3 + 29*y**2 + 21*y + 17. Let n(b) = 8*f(b) - 3*h(b). List the prime factors of n(-7).
2, 23
Let b(g) = 3*g + 5. Let l(r) = r + 3. Let n(p) = -4*b(p) + 9*l(p). Let v(x) = -4*x + 10. Let w(d) = -7*n(d) + 5*v(d). List the prime factors of w(1).
2
Let u = 7 + -7. Let z be 28/35*(u + 5). What are the prime factors of z*-2*57/(-24)?
19
Let c(k) = k - 4. Let o be c(6). List the prime factors of 10/5 + 0/o.
2
Suppose 0 = 5*s - 131 - 49. List the prime factors of s.
2, 3
Let z(y) = y**3 + 4*y**2 - 2. Let p be z(-4). Let d be (-2)/((-1)/24*2). List the prime factors of (-25)/p*d/20.
3, 5
Suppose 0 = -2*a + 10 + 6. Let u(p) = p**2 - p - 5. List the prime factors of u(a).
3, 17
Let v(i) = i**3 + 7*i**2 + 6*i + 5. Let k be (-116)/20 - 1/5. Let x be v(k). Suppose 57 = x*b + 5*a - 8, 46 = 4*b + a. List the prime factors of b.
11
Let l = 382 + -259. List the prime factors of l.
3, 41
Let f(o) = -4*o - 1. Let y be f(-1). Let t = 4 - y. What are the prime factors of (t/(-3))/((-2)/18)?
3
Let w = 807 - 533. List the prime factors of w.
2, 137
Suppose -5*q = a - 8, -a + q + 15 = -q. Suppose -7 = -5*w + a. Suppose 19 = 5*i + w*r + 1, -3*r = -3*i. List the prime factors of i.
2
Let b be -13 + -2 + (-4 - -1). List the prime factors of ((-46)/(-6))/((-6)/b).
23
Let z = -12 + 16. Suppose 3*i = 4*m + 79, 5*m - 64 = -0*i - z*i. What are the prime factors of i?
3, 7
Let i(t) = -t**3 + 2*t**2 + 3*t - 1. Let z be i(3). Suppose 1 = -r + 7. Let u = r - z. What are the prime factors of u?
7
Let u(o) be the second derivative of o**5/20 - o**4/6 - 5*o**3/6 - 3*o**2/2 + 5*o. List the prime factors of u(4).
3
Suppose 376 + 509 = 5*k. What are the prime factors of k?
3, 59
List the prime factors of -4 + (-4)/(-4) + 121.
2, 59
Suppose -2*j - j = 24. Suppose -3*q + 65 = -8*q. Let a = j - q. What are the prime factors of a?
5
Let u(f) be the first derivative of -f**2 - 3*f + 4. What are the prime factors of u(-7)?
11
Suppose -j + 5 + 6 = 5*u, -4*j - 6 = -5*u. List the prime factors of ((-46)/(-3))/(u/3).
23
What are the prime factors of -37*2*2/(-4)?
37
Let d = -8 - -8. Suppose -4*g - 2 - 98 = d. List the prime factors of ((-20)/g)/(4/10).
2
Let k = 7 + 6. What are the prime factors of k?
13
Suppose c = 4*c - 2*i - 19, -5*i = -5*c + 40. Suppose 2*r - u - 69 = -3*r, -r + 11 = -c*u. List the prime factors of r.
2, 7
Let c(h) = h**2 - 24*h + 79. What are the prime factors of c(24)?
79
Let x(b) = b - 33. Let t(z) = -z + 50. Let i(y) = 5*t(y) + 8*x(y). What are the prime factors of i(14)?
2, 7
Let o = -2 - 1. Let z be (o/(-2))/((-3)/(-4)). Let f = z + 15. List the prime factors of f.
17
Let p be ((-9)/4)/((-3)/8). List the prime factors of 1 - 9/p*-4.
7
Suppose 0 = -m - b - 6, 5*m - 4*b + 3*b = -54. Let h(i) = i**3 + 10*i**2 + 10. List the prime factors of h(m).
2, 5
Suppose 2*r + 4*l = -2, -6*r - 3 = -3*r - l. Let h = r + 18. What are the prime factors of h?
17
Let i = -43 - -48. List the prime factors of i.
5
Let t = -18 - -64. List the prime factors of t.
2, 23
What are the prime factors of (-10)/(-25) - 28/(-5)?
2, 3
What are the prime factors of (10/7)/((-2)/(-28))?
2, 5
Suppose 3*v + 20 = 149. What are the prime factors of v?
43
Let v(i) = -i**2 + 8*i + 11. Let j(x) = -4*x**2 + 32*x + 45. Let d(a) = -2*j(a) + 9*v(a). What are the prime factors of d(8)?
3
Let t = 12 + -1. Suppose 2*l - t - 11 = 0. What are the prime factors of l?
11
Let l(n) = 3*n**3 - n**2 + 2*n - 1. Let d be l(1). Suppose -2*b - d = -5*b. What are the prime factors of b/4 + (-237)/(-12)?
2, 5
What are the prime factors of 115*(28/20 + -1)?
2, 23
Suppose -l + 34 = -4*v + 4, 0 = -v - 3. Suppose 0 = 3*k - 5*k + l. What are the prime factors of k?
3
Let x = -90 + 193. List the prime factors of x.
103
Let f = -47 - -86. What are the prime factors of f?
3, 13
Suppose -4*z = -2*z. List the prime factors of -3 + 2 + z + 16.
3, 5
Let x(y) = -y**3 + 21. Let c be x(0). Let f = c - 14. List the prime factors of f.
7
Let b = 18 + -12. Suppose 0*o - 2*o = -b. What are the prime factors of o?
3
Suppose -9 = -w - 3. Let i be (-2)/(2 - 336/165). Suppose -u - i = -w*u. List the prime factors of u.
11
Suppose -2*a - 22 = -3*v + v, v = 4*a + 11. What are the prime factors of v?
11
Let u(w) = 2*w**3 - 3*w**2 + 4*w - 3. List the prime factors of u(2).
3
Let v(h) = 170*h**2 - 2*h. What are the prime factors of v(1)?
2, 3, 7
Let r(d) = -d**3 + 5*d**2 - d - 1. What are the prime factors of r(2)?
3
Suppose 0 = 5*a - 0*a + 45. List the prime factors of a/12 + (-318)/(-8).
3, 13
Suppose -3*i + i + 6 = 0. Let p(b) = 2*b**3 - 4*b**2 + 3. What are the prime factors of p(i)?
3, 7
Suppose -11 = -4*s + 1. List the prime factors of s/2 - 25/(-2).
2, 7
Let c(v) = v**2 - 12. List the prime factors of c(-7).
37
Let v = -3 + 22. List the prime factors of v + 0 - 3/(-3).
2, 5
Suppose l - 2*a = 34 - 3, -4*l + 3*a + 119 = 0. Suppose 3*y - 31 = 4*p, -2*p + 4*p = 3*y - l. List the prime factors of y.
3
Suppose -2*b - 2*b + 24 = 0. Let k(c) = b - 6 + 2*c - 4. What are the prime factors of k(7)?
2, 5
Let p(m) = 20*m. Let t be p(4). Suppose -3*r - t = -8*r. List the prime factors of r.
2
Suppose -2*l - 304 = -6*l. What are the prime factors of l?
2, 19
Suppose 5*i - 10 - 25 = 0. What are the prime factors of i?
7
Let q be 0/1 - (0 - 247). Let s be q/7 + (-8)/28. Suppose o - s = -4*o. What are the prime factors of o?
7
Let y = 12 + -9. Suppose -2*p + 2*o = -18, p + 18 = y*p + 2*o. What are the prime factors of p?
3
Let g be -3*(6/(-9) + 0). Suppose 3*l - 3*k - 42 = 0, -4*l - g*k + 26 = -0*l. What are the prime factors of l?
3
Suppose -4*c + 143 = 5*d, -d - 5*c + 37 = -0*d. Suppose -d = -4*z + 29. List the prime factors of z.
2, 7
Let t = 8 - 5. Suppose 4*j + t*c - 116 = 0, 0*j + c = j - 29. What are the prime factors of j?
29
Suppose -4*g - 5 = 7. Let d = g + 7. Suppose -l + 8 = -2*a, a - 2*a + 5 = d*l. What are the prime factors of l?
2
Let j = 208 - 79. What are the prime factors of j?
3, 43
Suppose -7*i + 3*i + 296 = 0. What are the prime factors of i?
2, 37
Let l = 1 - 1. Let o be (-30)/(-12)*(2 - l). Suppose -s - 19 = -o*a, 27 = 5*a - 3*s - 0*s. What are the prime factors of a?
3
Suppose 0*a = 6*a - 126. List the prime factors of a.
3, 7
Suppose k + 9 = 4*k. Let x(b) = b**2 - 4*b + 4. Let t be x(k). Suppose 4*o - 5*w = 46, o + 5*w - w = t. List the prime factors of o.
3
Let n be (-16 - -1)*(-6)/10. List the prime factors of (n - 8)*(-1 - -25).
2, 3
Suppose 9 = 5*t - 1. Let m = -2 - t. List the prime factors of 14*1 + (-4)/m.
3, 5
Let g(b) = b**3 - 6*b**2 + b + 3. Let d be g(6). Let w(p) = 7*p - p**2 - 4*p**2 + d + 4*p**2. List the prime factors of w(7).
3
Let r be 0 + (2 - 1) - -1. Let c be -1*1*(-28)/r. Suppose -c = x - 3*x. What are the prime factors of x?
7
Suppose 0 = 2*f + 6. Let u = f + 1. Let a = 7 + u. List the prime factors of a.
5
Let b be (0 + 1)/((-7)/14). Let o be b/1 - 4/(-1). Let i(t) = 2*t**2 + 2*t - 2. What are the prime factors of i(o)?
2, 5
Let k = -21 - -60. Suppose 2*b + 10 = 4*b, k = 2*h + b. What are the prime f